{"id":22,"date":"2021-09-06T09:00:19","date_gmt":"2021-09-06T07:00:19","guid":{"rendered":"https:\/\/emdraix.com\/?page_id=22"},"modified":"2024-03-31T20:04:16","modified_gmt":"2024-03-31T18:04:16","slug":"presentation-de-le-m-d-r","status":"publish","type":"page","link":"https:\/\/emdraix.com\/?page_id=22","title":{"rendered":"Pr\u00e9sentation de l&rsquo;E.M.D.R."},"content":{"rendered":"\t\t<div data-elementor-type=\"wp-page\" data-elementor-id=\"22\" class=\"elementor elementor-22\">\n\t\t\t\t\t\t<section class=\"elementor-section elementor-top-section elementor-element elementor-element-2443349c elementor-section-height-min-height elementor-section-content-middle elementor-section-boxed elementor-section-height-default elementor-section-items-middle\" data-id=\"2443349c\" data-element_type=\"section\" data-e-type=\"section\" data-settings=\"{&quot;background_background&quot;:&quot;classic&quot;}\">\n\t\t\t\t\t\t<div class=\"elementor-container elementor-column-gap-default\">\n\t\t\t\t\t<div class=\"elementor-column elementor-col-100 elementor-top-column elementor-element elementor-element-42b7d99a\" data-id=\"42b7d99a\" data-element_type=\"column\" data-e-type=\"column\">\n\t\t\t<div class=\"elementor-widget-wrap elementor-element-populated\">\n\t\t\t\t\t\t<div class=\"elementor-element elementor-element-9e1ac13 elementor-widget elementor-widget-heading\" data-id=\"9e1ac13\" data-element_type=\"widget\" data-e-type=\"widget\" data-widget_type=\"heading.default\">\n\t\t\t\t<div class=\"elementor-widget-container\">\n\t\t\t\t\t<p class=\"elementor-heading-title elementor-size-default\">Th\u00e9rapie E.M.D.R.<\/p>\t\t\t\t<\/div>\n\t\t\t\t<\/div>\n\t\t\t\t\t<\/div>\n\t\t<\/div>\n\t\t\t\t\t<\/div>\n\t\t<\/section>\n\t\t\t\t<section class=\"elementor-section elementor-top-section elementor-element elementor-element-b9090ce elementor-section-height-min-height elementor-section-items-stretch elementor-section-boxed elementor-section-height-default\" data-id=\"b9090ce\" data-element_type=\"section\" data-e-type=\"section\">\n\t\t\t\t\t\t<div class=\"elementor-container elementor-column-gap-default\">\n\t\t\t\t\t<div class=\"elementor-column elementor-col-50 elementor-top-column elementor-element elementor-element-50cd497\" data-id=\"50cd497\" data-element_type=\"column\" data-e-type=\"column\">\n\t\t\t<div class=\"elementor-widget-wrap elementor-element-populated\">\n\t\t\t\t\t\t<div class=\"elementor-element elementor-element-7450963 elementor-widget elementor-widget-heading\" data-id=\"7450963\" data-element_type=\"widget\" data-e-type=\"widget\" data-widget_type=\"heading.default\">\n\t\t\t\t<div class=\"elementor-widget-container\">\n\t\t\t\t\t<h2 class=\"elementor-heading-title elementor-size-default\">Pr\u00e9sentation<\/h2>\t\t\t\t<\/div>\n\t\t\t\t<\/div>\n\t\t\t\t<div class=\"elementor-element elementor-element-ec89447 elementor-widget elementor-widget-text-editor\" data-id=\"ec89447\" data-element_type=\"widget\" data-e-type=\"widget\" data-widget_type=\"text-editor.default\">\n\t\t\t\t<div class=\"elementor-widget-container\">\n\t\t\t\t\t\t\t\t\t<p>E.M.D.R. signifie \u00abEye Movement Desensitization and Reprocessing\u00bb (D\u00e9sensibilisation et Retraitement par Mouvements Oculaires).<\/p><p>La proc\u00e9dure sp\u00e9cifique \u00e0 l\u2019E.M.D.R. permet de s\u00e9curiser le patient lors de la r\u00e9activation des souvenirs traumatiques. Au travers de stimulations sensorielles (le plus souvent des mouvements oculaires), le psychologue demande au patient d\u2019associer librement ce qui lui vient \u00e0 l\u2019esprit. Cette technique <strong>permet le retraitement cognitif des pens\u00e9es, \u00e9motions, sensations corporelles<\/strong>, attach\u00e9es \u00e0 l\u2019\u00e9pisode traumatique. \u00a0<\/p><p>Le patient n\u2019a pas d\u2019efforts particuliers \u00e0 faire, il doit simplement se laisser guider, et dire \u00ab tout ce qui vient \u00bb (ressentis, \u00e9motions, pens\u00e9es). La psychoth\u00e9rapie fait ressurgir des \u00e9l\u00e9ments parfois \u00e9motionnellement difficiles \u00e0 revivre, mais au cours de la (des) s\u00e9ance, cela s\u2019apaise\u2026 l\u2019\u00e9pisode traumatique est retrait\u00e9 de fa\u00e7on fonctionnelle, et le patient \u00ab se lib\u00e8re \u00bb\u2026<\/p>\t\t\t\t\t\t\t\t<\/div>\n\t\t\t\t<\/div>\n\t\t\t\t\t<\/div>\n\t\t<\/div>\n\t\t\t\t<div class=\"elementor-column elementor-col-50 elementor-top-column elementor-element elementor-element-7cc978e\" data-id=\"7cc978e\" data-element_type=\"column\" data-e-type=\"column\" data-settings=\"{&quot;background_background&quot;:&quot;slideshow&quot;,&quot;background_slideshow_gallery&quot;:[],&quot;background_slideshow_loop&quot;:&quot;yes&quot;,&quot;background_slideshow_slide_duration&quot;:5000,&quot;background_slideshow_slide_transition&quot;:&quot;fade&quot;,&quot;background_slideshow_transition_duration&quot;:500}\">\n\t\t\t<div class=\"elementor-widget-wrap elementor-element-populated\">\n\t\t\t\t\t\t<div class=\"elementor-element elementor-element-85820e2 elementor-widget elementor-widget-image\" data-id=\"85820e2\" data-element_type=\"widget\" data-e-type=\"widget\" data-widget_type=\"image.default\">\n\t\t\t\t<div class=\"elementor-widget-container\">\n\t\t\t\t\t\t\t\t\t\t\t\t\t\t\t<img fetchpriority=\"high\" decoding=\"async\" width=\"800\" height=\"534\" src=\"https:\/\/emdraix.com\/wp-content\/uploads\/2021\/09\/rouage-avec-sigles-sans-traits-insectes5-2-1024x683.jpg\" class=\"attachment-large size-large wp-image-482\" alt=\"\" srcset=\"https:\/\/emdraix.com\/wp-content\/uploads\/2021\/09\/rouage-avec-sigles-sans-traits-insectes5-2-1024x683.jpg 1024w, https:\/\/emdraix.com\/wp-content\/uploads\/2021\/09\/rouage-avec-sigles-sans-traits-insectes5-2-300x200.jpg 300w, https:\/\/emdraix.com\/wp-content\/uploads\/2021\/09\/rouage-avec-sigles-sans-traits-insectes5-2-768x512.jpg 768w, https:\/\/emdraix.com\/wp-content\/uploads\/2021\/09\/rouage-avec-sigles-sans-traits-insectes5-2-1536x1024.jpg 1536w, https:\/\/emdraix.com\/wp-content\/uploads\/2021\/09\/rouage-avec-sigles-sans-traits-insectes5-2.jpg 1920w\" sizes=\"(max-width: 800px) 100vw, 800px\" \/>\t\t\t\t\t\t\t\t\t\t\t\t\t\t\t<\/div>\n\t\t\t\t<\/div>\n\t\t\t\t\t<\/div>\n\t\t<\/div>\n\t\t\t\t\t<\/div>\n\t\t<\/section>\n\t\t\t\t<section class=\"elementor-section elementor-top-section elementor-element elementor-element-1ceff71 elementor-section-boxed elementor-section-height-default elementor-section-height-default\" data-id=\"1ceff71\" data-element_type=\"section\" data-e-type=\"section\">\n\t\t\t\t\t\t<div class=\"elementor-container elementor-column-gap-default\">\n\t\t\t\t\t<div class=\"elementor-column elementor-col-50 elementor-top-column elementor-element elementor-element-a1f1849\" data-id=\"a1f1849\" data-element_type=\"column\" data-e-type=\"column\">\n\t\t\t<div class=\"elementor-widget-wrap elementor-element-populated\">\n\t\t\t\t\t\t<div class=\"elementor-element elementor-element-2a0369c elementor-hidden-mobile elementor-widget elementor-widget-image\" data-id=\"2a0369c\" data-element_type=\"widget\" data-e-type=\"widget\" data-widget_type=\"image.default\">\n\t\t\t\t<div class=\"elementor-widget-container\">\n\t\t\t\t\t\t\t\t\t\t\t\t\t\t\t<img decoding=\"async\" width=\"800\" height=\"600\" src=\"https:\/\/emdraix.com\/wp-content\/uploads\/2024\/03\/deux-fauteuils-1024x768.jpg\" class=\"attachment-large size-large wp-image-1400\" alt=\"\" srcset=\"https:\/\/emdraix.com\/wp-content\/uploads\/2024\/03\/deux-fauteuils-1024x768.jpg 1024w, https:\/\/emdraix.com\/wp-content\/uploads\/2024\/03\/deux-fauteuils-300x225.jpg 300w, https:\/\/emdraix.com\/wp-content\/uploads\/2024\/03\/deux-fauteuils-768x576.jpg 768w, https:\/\/emdraix.com\/wp-content\/uploads\/2024\/03\/deux-fauteuils.jpg 1280w\" sizes=\"(max-width: 800px) 100vw, 800px\" \/>\t\t\t\t\t\t\t\t\t\t\t\t\t\t\t<\/div>\n\t\t\t\t<\/div>\n\t\t\t\t\t<\/div>\n\t\t<\/div>\n\t\t\t\t<div class=\"elementor-column elementor-col-50 elementor-top-column elementor-element elementor-element-32df74c\" data-id=\"32df74c\" data-element_type=\"column\" data-e-type=\"column\">\n\t\t\t<div class=\"elementor-widget-wrap elementor-element-populated\">\n\t\t\t\t\t\t<div class=\"elementor-element elementor-element-bd05014 elementor-widget elementor-widget-heading\" data-id=\"bd05014\" data-element_type=\"widget\" data-e-type=\"widget\" data-widget_type=\"heading.default\">\n\t\t\t\t<div class=\"elementor-widget-container\">\n\t\t\t\t\t<h2 class=\"elementor-heading-title elementor-size-default\">A qui s'adresse cette th\u00e9rapie ?<\/h2>\t\t\t\t<\/div>\n\t\t\t\t<\/div>\n\t\t\t\t<div class=\"elementor-element elementor-element-60b133b elementor-widget elementor-widget-text-editor\" data-id=\"60b133b\" data-element_type=\"widget\" data-e-type=\"widget\" data-widget_type=\"text-editor.default\">\n\t\t\t\t<div class=\"elementor-widget-container\">\n\t\t\t\t\t\t\t\t\t<p>Elle s&rsquo;adresse aux personnes souffrant de perturbations \u00e9motionnelles li\u00e9es \u00e0 :<\/p><p><strong>Des traumatismes psychologiques <\/strong>:<\/p><ul><li>Violences physiques et\/ou psychologiques<\/li><li>Abus sexuels<\/li><li>Accident grave<\/li><li>D\u00e9c\u00e8s<\/li><li>Maladie grave<\/li><li>Catastrophe naturelle<\/li><li>Guerre<\/li><li>Attentat\u2026<\/li><\/ul><p><strong>Des perturbations \u00e9motionnelles li\u00e9es \u00e0 des \u00e9v\u00e9nements de vie difficiles <\/strong>:<\/p><ul><li>Enfance perturb\u00e9e<\/li><li>S\u00e9paration<\/li><li>Interruption de grossesse<\/li><li>Difficult\u00e9s professionnelles\u2026<\/li><\/ul>\t\t\t\t\t\t\t\t<\/div>\n\t\t\t\t<\/div>\n\t\t\t\t\t<\/div>\n\t\t<\/div>\n\t\t\t\t\t<\/div>\n\t\t<\/section>\n\t\t\t\t<section class=\"elementor-section elementor-top-section elementor-element elementor-element-7321325 elementor-hidden-desktop elementor-section-boxed elementor-section-height-default elementor-section-height-default\" data-id=\"7321325\" data-element_type=\"section\" data-e-type=\"section\">\n\t\t\t\t\t\t<div class=\"elementor-container elementor-column-gap-default\">\n\t\t\t\t\t<div class=\"elementor-column elementor-col-100 elementor-top-column elementor-element elementor-element-29d05cf\" data-id=\"29d05cf\" data-element_type=\"column\" data-e-type=\"column\">\n\t\t\t<div class=\"elementor-widget-wrap elementor-element-populated\">\n\t\t\t\t\t\t<div class=\"elementor-element elementor-element-fb7a763 elementor-hidden-tablet elementor-widget elementor-widget-image\" data-id=\"fb7a763\" data-element_type=\"widget\" data-e-type=\"widget\" data-widget_type=\"image.default\">\n\t\t\t\t<div class=\"elementor-widget-container\">\n\t\t\t\t\t\t\t\t\t\t\t\t\t\t\t<img decoding=\"async\" width=\"755\" height=\"500\" src=\"https:\/\/emdraix.com\/wp-content\/uploads\/2021\/09\/foule-3-passage-pieton-900x500pix-et-30pixpp.jpg\" class=\"attachment-large size-large wp-image-487\" alt=\"\" srcset=\"https:\/\/emdraix.com\/wp-content\/uploads\/2021\/09\/foule-3-passage-pieton-900x500pix-et-30pixpp.jpg 755w, https:\/\/emdraix.com\/wp-content\/uploads\/2021\/09\/foule-3-passage-pieton-900x500pix-et-30pixpp-300x199.jpg 300w\" sizes=\"(max-width: 755px) 100vw, 755px\" \/>\t\t\t\t\t\t\t\t\t\t\t\t\t\t\t<\/div>\n\t\t\t\t<\/div>\n\t\t\t\t\t<\/div>\n\t\t<\/div>\n\t\t\t\t\t<\/div>\n\t\t<\/section>\n\t\t\t\t<\/div>\n\t\t","protected":false},"excerpt":{"rendered":"<p>Th\u00e9rapie E.M.D.R. Pr\u00e9sentation E.M.D.R. signifie \u00abEye Movement Desensitization and Reprocessing\u00bb (D\u00e9sensibilisation et Retraitement par Mouvements Oculaires). La proc\u00e9dure sp\u00e9cifique \u00e0 l\u2019E.M.D.R. permet de s\u00e9curiser le patient lors de la r\u00e9activation des souvenirs traumatiques. Au travers de stimulations sensorielles (le plus souvent des mouvements oculaires), le psychologue demande au patient d\u2019associer librement ce qui lui vient [&hellip;]<\/p>\n","protected":false},"author":1,"featured_media":0,"parent":0,"menu_order":0,"comment_status":"closed","ping_status":"closed","template":"","meta":{"_monsterinsights_skip_tracking":false,"_monsterinsights_sitenote_active":false,"_monsterinsights_sitenote_note":"","_monsterinsights_sitenote_category":0,"footnotes":""},"class_list":["post-22","page","type-page","status-publish","hentry"],"aioseo_notices":[],"_links":{"self":[{"href":"https:\/\/emdraix.com\/index.php?rest_route=\/wp\/v2\/pages\/22","targetHints":{"allow":["GET"]}}],"collection":[{"href":"https:\/\/emdraix.com\/index.php?rest_route=\/wp\/v2\/pages"}],"about":[{"href":"https:\/\/emdraix.com\/index.php?rest_route=\/wp\/v2\/types\/page"}],"author":[{"embeddable":true,"href":"https:\/\/emdraix.com\/index.php?rest_route=\/wp\/v2\/users\/1"}],"replies":[{"embeddable":true,"href":"https:\/\/emdraix.com\/index.php?rest_route=%2Fwp%2Fv2%2Fcomments&post=22"}],"version-history":[{"count":274,"href":"https:\/\/emdraix.com\/index.php?rest_route=\/wp\/v2\/pages\/22\/revisions"}],"predecessor-version":[{"id":1407,"href":"https:\/\/emdraix.com\/index.php?rest_route=\/wp\/v2\/pages\/22\/revisions\/1407"}],"wp:attachment":[{"href":"https:\/\/emdraix.com\/index.php?rest_route=%2Fwp%2Fv2%2Fmedia&parent=22"}],"curies":[{"name":"wp","href":"https:\/\/api.w.org\/{rel}","templated":true}]}}